. Calculate the highest common factor of 462 and q.
42
Suppose 5*r = 4*m + 91, -5*r - 3*m - 2*m + 55 = 0. Let w = r + -13. Calculate the greatest common factor of w and 14.
2
Let x be 8/(-32) + 37/4. Calculate the greatest common factor of 153 and x.
9
Let s(u) = -2*u - 8. Let z be s(-6). Suppose 2*t = a + 18, 5*t - 17 = -z*a + 15. What is the highest common factor of t and 64?
8
Let z(f) = -5*f - 79. Let y be z(-21). Let t = 27 - -12. Calculate the greatest common factor of y and t.
13
Suppose 3*x = -5 + 26. Let v = 11 - x. What is the highest common factor of v and 12?
4
Let r(g) = -g**2 + 4*g + 9. Let h(n) = -3*n**2 + 12*n + 28. Let c(y) = 2*h(y) - 7*r(y). Let t be c(7). Calculate the greatest common factor of t and 35.
7
Let k(v) = v. Let x be k(6). Let b(s) = 2*s + 9. Let r be b(-6). Let y = r + 69. Calculate the greatest common factor of x and y.
6
Let h = 3 + 45. Calculate the highest common divisor of 18 and h.
6
Suppose 0*t + 81 = 3*w + 4*t, -2*w + 54 = 2*t. Let h = 24 - 15. Suppose 0 = -x + 4*d - 5*d, 2*x - h = d. Calculate the greatest common factor of x and w.
3
Let q be (-58)/(-6) + (-6)/(-18). Let t = -136 - -226. Calculate the highest common divisor of t and q.
10
Suppose 0 = 8*x - 257 + 25. What is the highest common factor of x and 87?
29
Let k be -1 + 328/(4/1). Calculate the greatest common divisor of 27 and k.
27
Suppose 2*v = -5*w + 1434, -2*w - 2*w + v = -1142. Suppose -y + w = -2*y. Let f = -174 - y. Calculate the highest common factor of f and 14.
14
Let n = -14 + 28. What is the highest common divisor of 56 and n?
14
Let a(z) = z**2 - 4*z - 12. Let l be a(10). Calculate the highest common divisor of l and 6.
6
Let w(u) = 3*u. Let t be w(8). Let x = t - 0. What is the greatest common divisor of 6 and x?
6
Let u be ((-112)/(-12))/(2/276). Let j be u/126 - (-4)/(-18). What is the greatest common factor of j and 70?
10
Suppose 18 = 2*h - 0. Calculate the greatest common divisor of 27 and h.
9
Let l(c) = c**3 + 6*c**2 - 8*c - 5. Let y be (9/4)/(12/64). Suppose 16 = -4*t - y. Let o be l(t). Calculate the greatest common divisor of o and 2.
2
Suppose -5*v + 72 = 4*a, -4*v = -a + 3*a - 42. What is the greatest common divisor of a and 39?
13
Let t(x) be the second derivative of -x**5/20 + x**4/12 + 7*x**2 + 3*x. Let s be t(0). What is the greatest common factor of s and 42?
14
Let j be 7/1 + (-6 - -3). Let v(p) = 45*p**2 + 2*p + 1. Let y be v(-1). What is the highest common divisor of j and y?
4
Suppose 142 = 4*i + f, -138 = -3*i + 2*f - 26. What is the highest common divisor of 24 and i?
12
Let z(f) = -f**2 - 15*f - 6. Let m be z(-6). Suppose -11*d = -9*d - 24. What is the greatest common divisor of m and d?
12
Suppose 2*k = 3*k - 66. Let i be (k/(-4))/((-12)/16). Let q be (-2)/8 + 9/4. What is the greatest common factor of i and q?
2
Suppose 0 = 2*d - 44 - 4. Calculate the highest common divisor of d and 96.
24
Let f(y) = 1 + y**2 - 4*y**2 + 4*y**2 + y. Let k be f(-4). What is the greatest common factor of 13 and k?
13
Let c = 27 - 25. Let r be (-92)/(-4) - 1/1. Calculate the highest common divisor of r and c.
2
Let n be (-1)/(((-8)/(-312))/((-13)/3)). What is the highest common factor of 13 and n?
13
Suppose -3*u = -c - 29, 0*u - 2*c + 32 = 4*u. Calculate the highest common factor of 63 and u.
9
Let d = 7 - 5. Let i be (3*22 - d) + -1. Let j = -4 + 13. What is the highest common divisor of j and i?
9
Let h be -1 - 236/(-8) - (-9)/6. Suppose -3*t - 3*j = 2*t - 231, -4*j = 2*t - 98. Calculate the highest common factor of t and h.
15
Let j = 95 - 67. Let s(a) = -11*a + 4. Let y be s(-6). Calculate the highest common factor of j and y.
14
Suppose -3*t - 39 = -4*t - r, -3*t - 2*r + 119 = 0. Calculate the highest common factor of 41 and t.
41
Let h be ((-14)/(-6))/((-2)/(-6)). Let n = h + 4. Suppose -3*i - 2*k + 30 + 104 = 0, 0 = 5*i - k - 219. What is the highest common divisor of i and n?
11
Let q(k) = 1 + 0 - 4 + 7*k. Let d be q(2). Let t(l) = 25*l**2 - 1. Let n be t(-2). Calculate the greatest common factor of n and d.
11
Let z be (-16)/(-3)*12/8. Suppose x + z = 5*x. Suppose x*k - 42 = -2*j, 5*j - 5*k + 46 = 161. What is the highest common factor of j and 11?
11
Let u = 11 + -6. Let a = u - -5. What is the greatest common divisor of 70 and a?
10
Suppose 4*m + 2 + 2 = 0. Let z(s) = -3*s + 1. Let l be z(m). Suppose -2 + 6 = l*b. What is the highest common factor of 9 and b?
1
Let x be (-3)/(-9) + 170/(-6). Let u be (x - 0)/((-1)/3). Suppose -3*g + 11 = 4*a - 61, 4*g = -16. Calculate the greatest common divisor of a and u.
21
Suppose 8 = 2*i - 6. What is the greatest common factor of i and 35?
7
Let j = 5 + 12. Calculate the greatest common factor of j and 17.
17
Let s = -43 + 48. Calculate the highest common factor of s and 40.
5
Let g = 109 - 9. What is the highest common factor of 60 and g?
20
Suppose 3*o = u + 12, 22 = -2*u + u + 5*o. Suppose 0 = n - 4*z - 24, -3*n - 4*z + 53 = -u. Calculate the greatest common factor of 5 and n.
5
Suppose 0 = 4*c + 3*b - 72, 1 = 3*c - 5*b - 53. Let x = 75 + -21. What is the greatest common factor of c and x?
18
Let g(c) = -c + 7. Let v be g(6). Let m be (v - -2)*(-112)/(-6). Let u be (1 + -13)/(3/(-2)). What is the greatest common divisor of u and m?
8
Suppose 3*a - 8 = -m, 5*m + 0*a = -2*a + 14. Suppose 2*j = -m*s - 94, 5*s + 4*j - 5*j + 241 = 0. Let v = -24 - s. What is the highest common factor of 36 and v?
12
Suppose 90 = -q - q. Let a = q - -81. What is the greatest common factor of 12 and a?
12
Let x(i) = i**3 + 16*i**2 - 16*i + 19. Let a be x(-17). What is the highest common divisor of a and 14?
2
Let k be (-4)/(-14) - 6/21. Let p = 5 - k. Suppose f + 45 = 4*f. Calculate the highest common factor of p and f.
5
Let u(f) = -f**3 + 9*f**2 + 10*f - 1. Let q be u(10). Let x(t) = -36*t - 1. Let g be x(q). Calculate the greatest common factor of g and 14.
7
Let u(s) = -s**2 - s + 8. Let c(x) = x**2 + 5*x - 6. Let i be c(-6). Let y be u(i). Let o = -6 + y. Calculate the greatest common divisor of o and 18.
2
Let t = 2 + -2. Suppose -3*d + 0*d - 12 = t. Let f = 16 - d. What is the greatest common factor of 20 and f?
20
Suppose -25 = -4*t + 3*i, -4 + 2 = -t + 5*i. Calculate the highest common divisor of t and 35.
7
Suppose 0 = 4*n - 159 - 1. Let v = 42 + -69. Let y = n + v. What is the highest common factor of y and 130?
13
Let r = 14 + -11. Suppose -2*w = r*d - 47, w = 5*d + 6*w - 75. What is the greatest common divisor of d and 187?
17
Let k(z) = z**2 - 4*z - 15. Let c be k(9). Calculate the greatest common divisor of 120 and c.
30
Let f be (-8)/6 - (-2)/6. Let u be (294/6)/(2 + f). What is the highest common factor of u and 7?
7
Suppose -c = 30 - 39. Calculate the highest common divisor of c and 81.
9
Suppose 0 = -6*h + 62 - 20. Calculate the highest common divisor of 91 and h.
7
Let r(d) = d**2 + 3*d + 4. Let m be r(-4). Let u be 0*(-4)/(-24)*3. Suppose u + 5 = 5*g. What is the highest common divisor of g and m?
1
Suppose -6*k = -3*k - 12. Calculate the greatest common factor of k and 8.
4
Suppose 5*h = 4*j + 43 - 12, 0 = h - 4*j - 19. Suppose k + h = 4*k. Let t(i) = 6*i**3 + 2*i - 1. Let c be t(k). What is the highest common divisor of 35 and c?
7
Let m = 1 + 4. Suppose m*v + 21 = f + 82, 2*v - 5*f - 6 = 0. What is the highest common factor of 13 and v?
13
Let v(r) = r**3 - 2*r**2 + 2*r + 3. Let h be v(3). Suppose 2*t - 3*k - 132 = 0, -7*t + 352 = -2*t - 2*k. What is the highest common divisor of t and h?
18
Suppose 5*b = -5*k - 0*b + 60, -4*k = -2*b - 60. Calculate the highest common divisor of k and 126.
14
Let d(t) = 2*t + 22. Let f be d(-5). What is the greatest common divisor of 4 and f?
4
Let y be 239 - (45/(-5))/3. What is the highest common factor of y and 22?
22
Let i(u) = -u**2 + 7*u + 6. Suppose 0 = 2*c - 4*c + 34. Suppose 5*z - 13 = c. Let a be i(z). Calculate the greatest common divisor of a and 4.
4
Let b = -1 - -4. Let s be (1 - 0)*0 + 60. Suppose -3*t = -3*d + 7*d - s, 0 = -5*t - 2*d + 114. Calculate the highest common factor of t and b.
3
Let r = 13 + -1. Calculate the greatest common factor of r and 60.
12
Let v(h) = h**3 - 19*h**2 + 20*h - 30. Let k be v(18). What is the greatest common divisor of 30 and k?
6
Let c be ((-6)/2 - -4) + 29. Calculate the highest commo